{"id":100,"date":"2022-07-02T16:43:32","date_gmt":"2022-07-02T14:43:32","guid":{"rendered":"https:\/\/marchal-dany.be\/wordpress\/?page_id=100"},"modified":"2022-07-02T18:03:21","modified_gmt":"2022-07-02T16:03:21","slug":"traditionnelle","status":"publish","type":"page","link":"https:\/\/marchal-dany.be\/wordpress\/traditionnelle\/","title":{"rendered":"\u00c9lectricit\u00e9 g\u00e9n\u00e9rale pour les particuliers et les professionnels"},"content":{"rendered":"\n<p><\/p>\n\n\n\n<ul class=\"wp-block-list\"><li><strong>Prises additionnelles<\/strong><br>Vous venez de construire une annexe ou vous souhaitez r\u00e9am\u00e9nager la configuration \u00e9lectrique de vos pi\u00e8ces ? Vous avez des rallonges \u00e9lectriques qui trainent dans toutes les pi\u00e8ces ? Quelque soit vos besoins, Marchal Dany peut vous sugg\u00e9rer des solutions adapt\u00e9es \u00e0 vos logements.<\/li><li><strong>Installation, changement et d\u00e9pannage du tableau \u00e9lectrique<br><\/strong>La boite \u00e9lectrique ou boite \u00e0 fusible est votre tableau de bord de votre syst\u00e8me \u00e9lectrique. Il contr\u00f4le et isole tous les circuits \u00e9lectriques votre habitation, bureau ou commerce. Il est recommand\u00e9 de v\u00e9rifier sa configuration \u00e9lectrique lorsque vous posez une nouvelle cuisine, salle de bains ou si vous installez tout simplement des nouvelles prises de courant. Votre syst\u00e8me \u00e9lectrique con\u00e7u \u00e0 l\u2019origine peut ne plus \u00eatre en mesure de supporter le m\u00eame type de charge.<\/li><li><strong>Inspection de votre syst\u00e8me \u00e9lectrique<br><\/strong>Lors de l\u2019achat d\u2019un bien immobilier ou au r\u00e9am\u00e9nagement de celui-ci, il peut s\u2019av\u00e9rer que le syst\u00e8me \u00e9lectrique existe ne soit plus adapt\u00e9 au besoin \u00e9lectrique actuel. En planifiant une inspection de votre configuration avec Marchal Dany vous \u00e9vitez tout risque de potentiel d\u2019\u00e9lectrocution ou d\u2019incendie. D\u00e8s suite d\u2019une premi\u00e8re visite, Marchal Dany sera en mesure de faire un diagnostic complet et pr\u00e9cis des zones potentiellement \u00e0 risque. Nous pouvons \u00e9galement vous fournir un devis en fonction des travaux \u00e0 effectuer.<\/li><\/ul>\n","protected":false},"excerpt":{"rendered":"<p>Prises additionnellesVous venez de construire une annexe ou vous souhaitez r\u00e9am\u00e9nager la configuration \u00e9lectrique de vos pi\u00e8ces ? Vous avez des rallonges \u00e9lectriques qui trainent dans toutes les pi\u00e8ces ? Quelque soit vos besoins, Marchal Dany peut vous sugg\u00e9rer des solutions adapt\u00e9es \u00e0 vos logements. Installation, changement et d\u00e9pannage du tableau \u00e9lectriqueLa boite \u00e9lectrique ou boite \u00e0 fusible est votre tableau de bord de votre syst\u00e8me \u00e9lectrique. Il contr\u00f4le et isole tous les circuits \u00e9lectriques votre habitation, bureau ou commerce. Il est recommand\u00e9 de v\u00e9rifier sa configuration \u00e9lectrique lorsque vous posez une nouvelle cuisine, salle de bains ou si vous installez tout simplement des nouvelles prises de courant. Votre syst\u00e8me \u00e9lectrique con\u00e7u \u00e0 l\u2019origine peut ne plus \u00eatre en mesure de supporter le m\u00eame type de charge. Inspection de votre syst\u00e8me \u00e9lectriqueLors de l\u2019achat d\u2019un bien immobilier ou au r\u00e9am\u00e9nagement de celui-ci, il peut s\u2019av\u00e9rer que le syst\u00e8me \u00e9lectrique existe ne soit plus adapt\u00e9 au besoin \u00e9lectrique actuel. En planifiant une inspection de votre configuration avec Marchal Dany vous \u00e9vitez tout risque de potentiel d\u2019\u00e9lectrocution ou d\u2019incendie. D\u00e8s suite d\u2019une premi\u00e8re visite, Marchal Dany sera en mesure de faire un diagnostic complet et pr\u00e9cis des zones potentiellement \u00e0 risque. Nous pouvons \u00e9galement vous fournir un devis en fonction des travaux \u00e0 effectuer.<\/p>\n","protected":false},"author":1,"featured_media":0,"parent":0,"menu_order":0,"comment_status":"closed","ping_status":"closed","template":"","meta":{"_themeisle_gutenberg_block_has_review":false,"footnotes":""},"class_list":["post-100","page","type-page","status-publish","hentry"],"_links":{"self":[{"href":"https:\/\/marchal-dany.be\/wordpress\/wp-json\/wp\/v2\/pages\/100","targetHints":{"allow":["GET"]}}],"collection":[{"href":"https:\/\/marchal-dany.be\/wordpress\/wp-json\/wp\/v2\/pages"}],"about":[{"href":"https:\/\/marchal-dany.be\/wordpress\/wp-json\/wp\/v2\/types\/page"}],"author":[{"embeddable":true,"href":"https:\/\/marchal-dany.be\/wordpress\/wp-json\/wp\/v2\/users\/1"}],"replies":[{"embeddable":true,"href":"https:\/\/marchal-dany.be\/wordpress\/wp-json\/wp\/v2\/comments?post=100"}],"version-history":[{"count":4,"href":"https:\/\/marchal-dany.be\/wordpress\/wp-json\/wp\/v2\/pages\/100\/revisions"}],"predecessor-version":[{"id":196,"href":"https:\/\/marchal-dany.be\/wordpress\/wp-json\/wp\/v2\/pages\/100\/revisions\/196"}],"wp:attachment":[{"href":"https:\/\/marchal-dany.be\/wordpress\/wp-json\/wp\/v2\/media?parent=100"}],"curies":[{"name":"wp","href":"https:\/\/api.w.org\/{rel}","templated":true}]}}