{"id":105,"date":"2022-07-02T16:44:34","date_gmt":"2022-07-02T14:44:34","guid":{"rendered":"https:\/\/marchal-dany.be\/wordpress\/?page_id=105"},"modified":"2023-01-12T14:27:02","modified_gmt":"2023-01-12T13:27:02","slug":"renovation","status":"publish","type":"page","link":"https:\/\/marchal-dany.be\/wordpress\/renovation\/","title":{"rendered":"Comment r\u00e9nover une ancienne installation \u00e9lectrique ?"},"content":{"rendered":"\n<p>Que vous partiez d\u2019une page blanche, d\u2019une nouvelle construction vierge d\u2019\u00e9lectricit\u00e9, ou d\u2019une<strong>\u00a0r\u00e9novation \u00e9lectrique<\/strong>\u00a0trop vieille et donc p\u00e9rilleuse pour votre s\u00e9curit\u00e9\u00a0<strong>il est\u00a0indispensable\u00a0d\u2019installer une nouvelle installation \u00e9lectrique<\/strong>.<\/p>\n\n\n\n<p>En effet, une installation trop v\u00e9tuste&nbsp;<strong>peut mettre en danger les occupants,<\/strong>&nbsp;car ils&nbsp;ne sont pas prot\u00e9g\u00e9s contre des courts-circuits, d\u2019\u00e9ventuelles fuites de courants et risquent des probl\u00e8mes parfois graves (\u00e9lectrocution).<\/p>\n\n\n\n<p>Toute intervention requiert&nbsp;donc de la vigilance et du savoir-faire d\u2019un expert,<strong>&nbsp;afin que la nouvelle installation soit s\u00e9curis\u00e9e<\/strong>, efficace et conforme aux normes les plus strictes (et donc garantie en cas de&nbsp;probl\u00e8mes).<\/p>\n\n\n\n<p>Faire appel \u00e0 un professionnel est rassurant :\u00a0<strong>cela garantit le tra\u00e7age du sch\u00e9ma \u00e9lectrique de votre maison<\/strong>\u00a0(l\u2019emplacement de chaque \u00e9l\u00e9ment \u00e9lectrique de votre maison), le conseil et l\u2019installation des c\u00e2bles \u00e9lectriques, la mise en place de votre tableau \u00e9lectrique, vos raccordements, vos plans d\u2019\u00e9clairage, l\u2019installation d\u2019un \u00e9ventuel\u00a0<strong>syst\u00e8me domotique<\/strong>, etc.<\/p>\n\n\n\n<p>Toute <strong>r\u00e9novation<\/strong> d\u2019une installation \u00e9lectrique est aussi l\u2019occasion parfaite d\u2019<strong>opter pour la domotique<\/strong>, c\u2019est-\u00e0-dire une installation plus moderne, et plus connect\u00e9e. Gr\u00e2ce \u00e0 un boitier, vous pouvez g\u00e9rer quasi tous les \u00e9l\u00e9ments \u00e9lectriques de votre maison. Cela\u00a0<strong>permet de faire des \u00e9conomies<\/strong>, et donc d\u2019aussi s\u2019inscrire dans une d\u00e9marche davantage \u00e9cologique (utilisation de LED, etc\u2026).<\/p>\n\n\n\n<p>Les premi\u00e8res \u00e9tapes d&rsquo;une r\u00e9novation sont: <\/p>\n\n\n\n<ul class=\"wp-block-list\">\n<li>La conception du plan de r\u00e9novation par une architecte est donc une \u00e9vidence. Une fois ces plan termin\u00e9es, ceux-ci peuvent nous \u00eatre transmis pour une \u00e9tude compl\u00e8te de l&rsquo;installation. <\/li>\n\n\n\n<li>Une fois cette \u00e9tude termin\u00e9, plusieurs rendez-vous avec le client sont pris pour d\u00e9finir les besoins et envies du client. <\/li>\n\n\n\n<li>Une accord est ensuite prit concernant le budget de cette trasnformation \u00e9l\u00e9ctrique. <\/li>\n\n\n\n<li>La mise en \u0153uvre du travail est donc fait en temps voulu selon les diff\u00e9rents phases de la r\u00e9novation  qui on \u00e9t\u00e9 d\u00e9finis par l&rsquo;architecte. <\/li>\n<\/ul>\n","protected":false},"excerpt":{"rendered":"<p>Que vous partiez d\u2019une page blanche, d\u2019une nouvelle construction vierge d\u2019\u00e9lectricit\u00e9, ou d\u2019une\u00a0r\u00e9novation \u00e9lectrique\u00a0trop vieille et donc p\u00e9rilleuse pour votre s\u00e9curit\u00e9\u00a0il est\u00a0indispensable\u00a0d\u2019installer une nouvelle installation \u00e9lectrique. En effet, une installation trop v\u00e9tuste&nbsp;peut mettre en danger les occupants,&nbsp;car ils&nbsp;ne sont pas prot\u00e9g\u00e9s contre des courts-circuits, d\u2019\u00e9ventuelles fuites de courants et risquent des probl\u00e8mes parfois graves (\u00e9lectrocution). Toute intervention requiert&nbsp;donc de la vigilance et du savoir-faire d\u2019un expert,&nbsp;afin que la nouvelle installation soit s\u00e9curis\u00e9e, efficace et conforme aux normes les plus strictes (et donc garantie en cas de&nbsp;probl\u00e8mes). Faire appel \u00e0 un professionnel est rassurant :\u00a0cela garantit le tra\u00e7age du sch\u00e9ma \u00e9lectrique de votre maison\u00a0(l\u2019emplacement de chaque \u00e9l\u00e9ment \u00e9lectrique de votre maison), le conseil et l\u2019installation des c\u00e2bles \u00e9lectriques, la mise en place de votre tableau \u00e9lectrique, vos raccordements, vos plans d\u2019\u00e9clairage, l\u2019installation d\u2019un \u00e9ventuel\u00a0syst\u00e8me domotique, etc. Toute r\u00e9novation d\u2019une installation \u00e9lectrique est aussi l\u2019occasion parfaite d\u2019opter pour la domotique, c\u2019est-\u00e0-dire une installation plus moderne, et plus connect\u00e9e. Gr\u00e2ce \u00e0 un boitier, vous pouvez g\u00e9rer quasi tous les \u00e9l\u00e9ments \u00e9lectriques de votre maison. Cela\u00a0permet de faire des \u00e9conomies, et donc d\u2019aussi s\u2019inscrire dans une d\u00e9marche davantage \u00e9cologique (utilisation de LED, etc\u2026). Les premi\u00e8res \u00e9tapes d&rsquo;une r\u00e9novation sont:<\/p>\n","protected":false},"author":1,"featured_media":0,"parent":0,"menu_order":0,"comment_status":"closed","ping_status":"closed","template":"","meta":{"_themeisle_gutenberg_block_has_review":false,"footnotes":""},"class_list":["post-105","page","type-page","status-publish","hentry"],"_links":{"self":[{"href":"https:\/\/marchal-dany.be\/wordpress\/wp-json\/wp\/v2\/pages\/105","targetHints":{"allow":["GET"]}}],"collection":[{"href":"https:\/\/marchal-dany.be\/wordpress\/wp-json\/wp\/v2\/pages"}],"about":[{"href":"https:\/\/marchal-dany.be\/wordpress\/wp-json\/wp\/v2\/types\/page"}],"author":[{"embeddable":true,"href":"https:\/\/marchal-dany.be\/wordpress\/wp-json\/wp\/v2\/users\/1"}],"replies":[{"embeddable":true,"href":"https:\/\/marchal-dany.be\/wordpress\/wp-json\/wp\/v2\/comments?post=105"}],"version-history":[{"count":3,"href":"https:\/\/marchal-dany.be\/wordpress\/wp-json\/wp\/v2\/pages\/105\/revisions"}],"predecessor-version":[{"id":259,"href":"https:\/\/marchal-dany.be\/wordpress\/wp-json\/wp\/v2\/pages\/105\/revisions\/259"}],"wp:attachment":[{"href":"https:\/\/marchal-dany.be\/wordpress\/wp-json\/wp\/v2\/media?parent=105"}],"curies":[{"name":"wp","href":"https:\/\/api.w.org\/{rel}","templated":true}]}}