{"id":63,"date":"2022-07-02T15:24:24","date_gmt":"2022-07-02T13:24:24","guid":{"rendered":"https:\/\/marchal-dany.be\/wordpress\/?page_id=63"},"modified":"2023-01-13T12:19:34","modified_gmt":"2023-01-13T11:19:34","slug":"domotique","status":"publish","type":"page","link":"https:\/\/marchal-dany.be\/wordpress\/domotique\/","title":{"rendered":"Domotique"},"content":{"rendered":"<div class=\"wp-block-image is-style-default\">\n<figure class=\"aligncenter size-full is-resized\"><img loading=\"lazy\" decoding=\"async\" src=\"https:\/\/marchal-dany.be\/wordpress\/wp-content\/uploads\/2023\/01\/Techno-1.png\" alt=\"\" class=\"wp-image-251\" width=\"261\" height=\"266\" srcset=\"https:\/\/marchal-dany.be\/wordpress\/wp-content\/uploads\/2023\/01\/Techno-1.png 599w, https:\/\/marchal-dany.be\/wordpress\/wp-content\/uploads\/2023\/01\/Techno-1-294x300.png 294w, https:\/\/marchal-dany.be\/wordpress\/wp-content\/uploads\/2023\/01\/Techno-1-75x75.png 75w\" sizes=\"auto, (max-width: 261px) 100vw, 261px\" \/><\/figure>\n<\/div>\n\n\n<div style=\"height:54px\" aria-hidden=\"true\" class=\"wp-block-spacer\"><\/div>\n\n\n\n<p><strong>La domotique<\/strong> rassemble les diff\u00e9rentes techniques qui permettent de contr\u00f4ler, de programmer et d\u2019automatiser une habitation, comme son nom l\u2019indique avec le terme latin domus (domicile) et le suffixe tique (technique). Elle regroupe et utilise ainsi les domaines de l\u2019\u00e9lectronique, de l\u2019informatique, de la t\u00e9l\u00e9communication et des automatismes.<\/p>\n\n\n\n<p>La domotique op\u00e8re dans un champ technique et informatique tr\u00e8s vaste. Elle permet de programmer la plupart des appareils et dispositifs \u00e9lectriques de la maison, depuis l\u2019\u00e9clairage et le chauffage jusqu\u2019aux \u00e9quipements audiovisuels et \u00e9lectrom\u00e9nagers, en passant par l\u2019ouverture des fen\u00eatres. Elle facilite \u00e9galement le contr\u00f4le de l\u2019habitation en g\u00e9rant les syst\u00e8mes d\u2019alarme, les pr\u00e9ventions incendie, ou encore la temp\u00e9rature au sein des pi\u00e8ces.<\/p>\n\n\n\n<div style=\"height:54px\" aria-hidden=\"true\" class=\"wp-block-spacer\"><\/div>\n\n\n\n<h3 class=\"wp-block-heading\">Le principe de la domotique<\/h3>\n\n\n\n<p>Sa fonction est de programmer, de contr\u00f4ler et d\u2019automatiser, \u00e0 distance ou sur place, tous les appareils du domicile int\u00e9gr\u00e9s au sein du r\u00e9seau.<\/p>\n\n\n\n<div style=\"height:54px\" aria-hidden=\"true\" class=\"wp-block-spacer\"><\/div>\n\n\n\n<h3 class=\"wp-block-heading\">Les technologies de la domotique<\/h3>\n\n\n\n<p>Dans le cadre d\u2019une utilisation \u00e0 l\u2019\u00e9chelle d\u2019un habitat, la domotique concerne trois technologies : la technologie par r\u00e9seau sans fil, la technologie par r\u00e9seau c\u00e2bl\u00e9 et la technologie CPD (Courant porteur en ligne).<\/p>\n\n\n\n<p>La technologie par r\u00e9seau c\u00e2bl\u00e9 est bien plus fiable encore gr\u00e2ce \u00e0 son insensibilit\u00e9 face aux perturbations \u00e9lectromagn\u00e9tiques. Le r\u00e9seau permet d\u2019interconnecter tous les appareils de la maison plus facilement, mais son installation n\u00e9cessite g\u00e9n\u00e9ralement des travaux et s\u2019av\u00e8re plus longue. Elle est cons\u00e9quence plut\u00f4t destin\u00e9e aux constructions neuves.<\/p>\n\n\n\n<p>La technologie CPL utilise les prises de courant du domicile pour transmettre les informations entre les appareils et les unit\u00e9s de commande. Ainsi, chaque prise re\u00e7oit les donn\u00e9es qui lui sont destin\u00e9es pour une gestion simplifi\u00e9e et un co\u00fbt d\u2019installation r\u00e9duit. Ce dispositif facile \u00e0 mettre en \u0153uvre est parfait pour les locataires puisque l\u2019installation les suit lors de leurs diff\u00e9rents d\u00e9m\u00e9nagements. En revanche, le d\u00e9faut de cette technologie est qu\u2019elle g\u00e9n\u00e8re davantage de pollution \u00e9lectromagn\u00e9tique que les autres.<\/p>\n\n\n\n<div style=\"height:54px\" aria-hidden=\"true\" class=\"wp-block-spacer\"><\/div>\n\n\n\n<h3 class=\"wp-block-heading\">Quelle est l&rsquo;utilit\u00e9 de la domotique ?<\/h3>\n\n\n\n<p>Si la domotique continue de faire d\u00e9bat, on ne peut que constater qu\u2019elle pr\u00e9sente l\u2019avantage de permettre un contr\u00f4le et un fonctionnement harmonieux de tous les appareils de la maison. Elle simplifie la vie au quotidien en limitant les modes de gestion et en vous offrant un gain de temps pr\u00e9cieux ; en outre, son faible co\u00fbt et son installation simple et rapide en font un dispositif pratique, fiable et rapidement indispensable au quotidien !<\/p>\n\n\n\n<p>Enfin, la domotique pr\u00e9sente l\u2019avantage de grandement simplifier les manipulations des appareils pour les personnes \u00e2g\u00e9es, les personnes souffrant de handicap et les personnes \u00e0 mobilit\u00e9 r\u00e9duite. En limitant les d\u00e9placements et en anticipant le fonctionnement de la plupart des appareils, le quotidien s\u2019en trouve en effet facilit\u00e9 et plus confortable.<\/p>\n","protected":false},"excerpt":{"rendered":"<p>La domotique rassemble les diff\u00e9rentes techniques qui permettent de contr\u00f4ler, de programmer et d\u2019automatiser une habitation, comme son nom l\u2019indique avec le terme latin domus (domicile) et le suffixe tique (technique). Elle regroupe et utilise ainsi les domaines de l\u2019\u00e9lectronique, de l\u2019informatique, de la t\u00e9l\u00e9communication et des automatismes. La domotique op\u00e8re dans un champ technique et informatique tr\u00e8s vaste. Elle permet de programmer la plupart des appareils et dispositifs \u00e9lectriques de la maison, depuis l\u2019\u00e9clairage et le chauffage jusqu\u2019aux \u00e9quipements audiovisuels et \u00e9lectrom\u00e9nagers, en passant par l\u2019ouverture des fen\u00eatres. Elle facilite \u00e9galement le contr\u00f4le de l\u2019habitation en g\u00e9rant les syst\u00e8mes d\u2019alarme, les pr\u00e9ventions incendie, ou encore la temp\u00e9rature au sein des pi\u00e8ces. Le principe de la domotique Sa fonction est de programmer, de contr\u00f4ler et d\u2019automatiser, \u00e0 distance ou sur place, tous les appareils du domicile int\u00e9gr\u00e9s au sein du r\u00e9seau. Les technologies de la domotique Dans le cadre d\u2019une utilisation \u00e0 l\u2019\u00e9chelle d\u2019un habitat, la domotique concerne trois technologies : la technologie par r\u00e9seau sans fil, la technologie par r\u00e9seau c\u00e2bl\u00e9 et la technologie CPD (Courant porteur en ligne). La technologie par r\u00e9seau c\u00e2bl\u00e9 est bien plus fiable encore gr\u00e2ce \u00e0 son insensibilit\u00e9 face aux perturbations \u00e9lectromagn\u00e9tiques. Le r\u00e9seau permet d\u2019interconnecter tous les appareils de la maison plus facilement, mais son installation n\u00e9cessite g\u00e9n\u00e9ralement des travaux et s\u2019av\u00e8re plus longue. Elle est cons\u00e9quence plut\u00f4t destin\u00e9e aux constructions neuves. La technologie CPL utilise les prises de courant du domicile pour transmettre les informations entre les appareils et les unit\u00e9s de commande. Ainsi, chaque prise re\u00e7oit les donn\u00e9es qui lui sont destin\u00e9es pour une gestion simplifi\u00e9e et un co\u00fbt d\u2019installation r\u00e9duit. Ce dispositif facile \u00e0 mettre en \u0153uvre est parfait pour les locataires puisque l\u2019installation les suit lors de leurs diff\u00e9rents d\u00e9m\u00e9nagements. En revanche, le d\u00e9faut de cette technologie est qu\u2019elle g\u00e9n\u00e8re davantage de pollution \u00e9lectromagn\u00e9tique que les autres. Quelle est l&rsquo;utilit\u00e9 de la domotique ? Si la domotique continue de faire d\u00e9bat, on ne peut que constater qu\u2019elle pr\u00e9sente l\u2019avantage de permettre un contr\u00f4le et un fonctionnement harmonieux de tous les appareils de la maison. Elle simplifie la vie au quotidien en limitant les modes de gestion et en vous offrant un gain de temps pr\u00e9cieux ; en outre, son faible co\u00fbt et son installation simple et rapide en font un dispositif pratique, fiable et rapidement indispensable au quotidien ! Enfin, la domotique pr\u00e9sente l\u2019avantage de grandement simplifier les manipulations des appareils pour les personnes \u00e2g\u00e9es, les personnes souffrant de handicap et les personnes \u00e0 mobilit\u00e9 r\u00e9duite. En limitant les d\u00e9placements et en anticipant le fonctionnement de la plupart des appareils, le quotidien s\u2019en trouve en effet facilit\u00e9 et plus confortable.<\/p>\n","protected":false},"author":1,"featured_media":0,"parent":0,"menu_order":0,"comment_status":"closed","ping_status":"closed","template":"","meta":{"_themeisle_gutenberg_block_has_review":false,"footnotes":""},"class_list":["post-63","page","type-page","status-publish","hentry"],"_links":{"self":[{"href":"https:\/\/marchal-dany.be\/wordpress\/wp-json\/wp\/v2\/pages\/63","targetHints":{"allow":["GET"]}}],"collection":[{"href":"https:\/\/marchal-dany.be\/wordpress\/wp-json\/wp\/v2\/pages"}],"about":[{"href":"https:\/\/marchal-dany.be\/wordpress\/wp-json\/wp\/v2\/types\/page"}],"author":[{"embeddable":true,"href":"https:\/\/marchal-dany.be\/wordpress\/wp-json\/wp\/v2\/users\/1"}],"replies":[{"embeddable":true,"href":"https:\/\/marchal-dany.be\/wordpress\/wp-json\/wp\/v2\/comments?post=63"}],"version-history":[{"count":14,"href":"https:\/\/marchal-dany.be\/wordpress\/wp-json\/wp\/v2\/pages\/63\/revisions"}],"predecessor-version":[{"id":384,"href":"https:\/\/marchal-dany.be\/wordpress\/wp-json\/wp\/v2\/pages\/63\/revisions\/384"}],"wp:attachment":[{"href":"https:\/\/marchal-dany.be\/wordpress\/wp-json\/wp\/v2\/media?parent=63"}],"curies":[{"name":"wp","href":"https:\/\/api.w.org\/{rel}","templated":true}]}}