{"id":70,"date":"2022-07-02T15:26:15","date_gmt":"2022-07-02T13:26:15","guid":{"rendered":"https:\/\/marchal-dany.be\/wordpress\/?page_id=70"},"modified":"2023-01-13T11:37:53","modified_gmt":"2023-01-13T10:37:53","slug":"securite-residentiel","status":"publish","type":"page","link":"https:\/\/marchal-dany.be\/wordpress\/securite-residentiel\/","title":{"rendered":"S\u00e9curit\u00e9 R\u00e9sidentiel"},"content":{"rendered":"\n<h3 class=\"wp-block-heading\">Installateur d&rsquo; alarme\u00a0agr\u00e9\u00e9<\/h3>\n\n\n\n<p>Un syst\u00e8me d&rsquo;alarme peut \u00eatre install\u00e9 uniquement par une entreprise de s\u00e9curit\u00e9 agr\u00e9\u00e9e ou par l&rsquo;utilisateur du syst\u00e8me d&rsquo;alarme (Arr\u00eat\u00e9 Royal du 25\/04\/2007 fixant les conditions d&rsquo;installation, d&rsquo;entretien et d&rsquo;utilisation des syst\u00e8mes d&rsquo;alarmes et de gestion de centraux d&rsquo;alarmes).<\/p>\n\n\n\n<h3 class=\"wp-block-heading\">POURQUOI FAIRE APPEL \u00c0 UN INSTALLATEUR AGR\u00c9\u00c9?<\/h3>\n\n\n\n<p>Dany Marchal est\u00a0<strong>installateur d&rsquo;alarme agr\u00e9\u00e9<\/strong>\u00a0par le minist\u00e8re de l&rsquo;int\u00e9rieur &#8211; IBZ : <strong>20 1353 03<\/strong><\/p>\n\n\n\n<p>Faites confiance \u00e0 un professionnel pour :<\/p>\n\n\n\n<ul class=\"wp-block-list\">\n<li><strong>\u00e9conomiser<\/strong>&nbsp;du temps et de l&rsquo;argent<\/li>\n\n\n\n<li>avoir une&nbsp;<strong>approche globale<\/strong>&nbsp;de votre s\u00e9curit\u00e9<\/li>\n\n\n\n<li>b\u00e9n\u00e9ficer d&rsquo;une&nbsp;<strong>exp\u00e9rience<\/strong>&nbsp;de plus de 10 ans<\/li>\n\n\n\n<li>un&nbsp;<strong>travail bien fait&nbsp;<\/strong>par des techniciens qualifi\u00e9s et soigneux<\/li>\n<\/ul>\n\n\n\n<p><strong>Nos services :<\/strong><\/p>\n\n\n\n<ol class=\"wp-block-list\">\n<li><a href=\"https:\/\/marchal-dany.be\/wordpress\/video-surveillance\/\" data-type=\"page\" data-id=\"111\">Vid\u00e9o surveillance<\/a><\/li>\n\n\n\n<li><a href=\"https:\/\/marchal-dany.be\/wordpress\/detection-dintrusion\/\" data-type=\"page\" data-id=\"109\">D\u00e9tection d&rsquo;intrusion<\/a><\/li>\n<\/ol>\n\n\n\n<p>Le mat\u00e9riel d\u2019alarme correspond au site :&nbsp;<a href=\"http:\/\/www.boschsecurity.com\/startpage\/html\/index.htm\">BoshSecurity<\/a><\/p>\n","protected":false},"excerpt":{"rendered":"<p>Installateur d&rsquo; alarme\u00a0agr\u00e9\u00e9 Un syst\u00e8me d&rsquo;alarme peut \u00eatre install\u00e9 uniquement par une entreprise de s\u00e9curit\u00e9 agr\u00e9\u00e9e ou par l&rsquo;utilisateur du syst\u00e8me d&rsquo;alarme (Arr\u00eat\u00e9 Royal du 25\/04\/2007 fixant les conditions d&rsquo;installation, d&rsquo;entretien et d&rsquo;utilisation des syst\u00e8mes d&rsquo;alarmes et de gestion de centraux d&rsquo;alarmes). POURQUOI FAIRE APPEL \u00c0 UN INSTALLATEUR AGR\u00c9\u00c9? Dany Marchal est\u00a0installateur d&rsquo;alarme agr\u00e9\u00e9\u00a0par le minist\u00e8re de l&rsquo;int\u00e9rieur &#8211; IBZ : 20 1353 03 Faites confiance \u00e0 un professionnel pour : Nos services : Le mat\u00e9riel d\u2019alarme correspond au site :&nbsp;BoshSecurity<\/p>\n","protected":false},"author":1,"featured_media":0,"parent":0,"menu_order":0,"comment_status":"closed","ping_status":"closed","template":"","meta":{"_themeisle_gutenberg_block_has_review":false,"footnotes":""},"class_list":["post-70","page","type-page","status-publish","hentry"],"_links":{"self":[{"href":"https:\/\/marchal-dany.be\/wordpress\/wp-json\/wp\/v2\/pages\/70","targetHints":{"allow":["GET"]}}],"collection":[{"href":"https:\/\/marchal-dany.be\/wordpress\/wp-json\/wp\/v2\/pages"}],"about":[{"href":"https:\/\/marchal-dany.be\/wordpress\/wp-json\/wp\/v2\/types\/page"}],"author":[{"embeddable":true,"href":"https:\/\/marchal-dany.be\/wordpress\/wp-json\/wp\/v2\/users\/1"}],"replies":[{"embeddable":true,"href":"https:\/\/marchal-dany.be\/wordpress\/wp-json\/wp\/v2\/comments?post=70"}],"version-history":[{"count":4,"href":"https:\/\/marchal-dany.be\/wordpress\/wp-json\/wp\/v2\/pages\/70\/revisions"}],"predecessor-version":[{"id":338,"href":"https:\/\/marchal-dany.be\/wordpress\/wp-json\/wp\/v2\/pages\/70\/revisions\/338"}],"wp:attachment":[{"href":"https:\/\/marchal-dany.be\/wordpress\/wp-json\/wp\/v2\/media?parent=70"}],"curies":[{"name":"wp","href":"https:\/\/api.w.org\/{rel}","templated":true}]}}

Sécurité Résidentiel

<h3 class="wp-block-heading">Installateur d&rsquo; alarme agréé</h3>



<p>Un système d&rsquo;alarme peut être installé uniquement par une entreprise de sécurité agréée ou par l&rsquo;utilisateur du système d&rsquo;alarme (Arrêté Royal du 25/04/2007 fixant les conditions d&rsquo;installation, d&rsquo;entretien et d&rsquo;utilisation des systèmes d&rsquo;alarmes et de gestion de centraux d&rsquo;alarmes).</p>



<h3 class="wp-block-heading">POURQUOI FAIRE APPEL À UN INSTALLATEUR AGRÉÉ?</h3>



<p>Dany Marchal est <strong>installateur d&rsquo;alarme agréé</strong> par le ministère de l&rsquo;intérieur &#8211; IBZ : <strong>20 1353 03</strong></p>



<p>Faites confiance à un professionnel pour :</p>



<ul class="wp-block-list">
<li><strong>économiser</strong>&nbsp;du temps et de l&rsquo;argent</li>



<li>avoir une&nbsp;<strong>approche globale</strong>&nbsp;de votre sécurité</li>



<li>bénéficer d&rsquo;une&nbsp;<strong>expérience</strong>&nbsp;de plus de 10 ans</li>



<li>un&nbsp;<strong>travail bien fait&nbsp;</strong>par des techniciens qualifiés et soigneux</li>
</ul>



<p><strong>Nos services :</strong></p>



<ol class="wp-block-list">
<li><a href="https://marchal-dany.be/wordpress/video-surveillance/" data-type="page" data-id="111">Vidéo surveillance</a></li>



<li><a href="https://marchal-dany.be/wordpress/detection-dintrusion/" data-type="page" data-id="109">Détection d&rsquo;intrusion</a></li>
</ol>



<p>Le matériel d’alarme correspond au site :&nbsp;<a href="http://www.boschsecurity.com/startpage/html/index.htm">BoshSecurity</a></p>

<p>Installateur d&rsquo; alarme agréé Un système d&rsquo;alarme peut être installé uniquement par une entreprise de sécurité agréée ou par l&rsquo;utilisateur du système d&rsquo;alarme (Arrêté Royal du 25/04/2007 fixant les conditions d&rsquo;installation, d&rsquo;entretien et d&rsquo;utilisation des systèmes d&rsquo;alarmes et de gestion de centraux d&rsquo;alarmes). POURQUOI FAIRE APPEL À UN INSTALLATEUR AGRÉÉ? Dany Marchal est installateur d&rsquo;alarme agréé par le ministère de l&rsquo;intérieur &#8211; IBZ : 20 1353 03 Faites confiance à un professionnel pour : Nos services : Le matériel d’alarme correspond au site :&nbsp;BoshSecurity</p>
